*2/2 - 33*d. Let j be (8/2)/(-2) + -3. Let s be (-2 - -1)*j/(-1). What is o(s)?
13
Let s be 21/(-7) - (0 - 3). Let a(u) = u**2 - u - 5. Determine a(s).
-5
Let g(q) = -2*q**2 + 3*q + 4. Suppose 4*w + 20 = 5*y - 4, 5*w = y - 9. Give g(y).
-16
Let m(x) = x**3 - 3*x**2 - 4*x + 4. Suppose -27 + 47 = 5*t. What is m(t)?
4
Let j(q) = 4*q**3 + q**2 + 3. Let c(s) = 1. Let z(a) = -3*c(a) + j(a). Let g(o) = o**3 + 4*o**2 + 2*o + 6. Let h be g(-4). Let p = -3 - h. Calculate z(p).
-3
Let x(o) = o**2 + 8*o + 8. Suppose -3*h - 19 = 2. Determine x(h).
1
Let k(w) be the third derivative of 1/4*w**4 + 3*w**2 + 0 + 1/6*w**3 + 0*w + 1/30*w**5. What is k(-4)?
9
Suppose -j + 0 = 2*w - 2, 2*j - 4 = -5*w. Let v = w + 1. Let p(y) = 0 - 7*y**3 + 3*y**3 - 1 + 2*y**2. Determine p(v).
-3
Let d(t) be the second derivative of t**7/840 - t**5/120 - t**3/3 + 2*t. Let j(p) be the second derivative of d(p). Give j(2).
6
Let f(k) = 2*k**3 - 5*k**2 + 6. Let z(h) = 0*h - 1 + h**2 - h**3 + 0 + h + 0*h. Let o(c) = -f(c) - 3*z(c). What is o(-2)?
3
Let x be 0/(-2) - (0 - 2). Let g(m) = 4*m**2 - 5*m + 4. Let b(r) = 3*r**2 - 4*r + 3. Let s(o) = -5*b(o) + 4*g(o). What is s(x)?
5
Let g(z) be the first derivative of 3*z**2/2 - 7*z - 1. Let u(w) = -w. Let q be (12/15)/(12/30). Let j(d) = q*u(d) + g(d). Determine j(3).
-4
Let w(b) be the third derivative of -b**4/12 + 5*b**3/6 + 2*b**2. Determine w(6).
-7
Suppose 2*s + v + 2 = 0, 4*s + 0*v = 5*v + 24. Let z(f) be the third derivative of f**5/15 - f**4/24 + f**2. Calculate z(s).
3
Let b(v) = -v**2 + 5*v - 2. Let o(a) be the second derivative of a**4/12 + a**3/6 - 2*a**2 - 3*a. Let y be o(-3). Suppose -y = x - 6. What is b(x)?
2
Let b(d) = -25*d**2 + 24*d - 14*d + 16 + 24*d**2. Give b(12).
-8
Suppose -4*u = u. Let i(r) be the second derivative of -r**3/6 - 5*r**2/2 - 2*r + 22. What is i(u)?
-5
Let r(b) be the first derivative of -b + 2/3*b**3 - 1/4*b**4 + 0*b**2 + 3. Give r(1).
0
Let l(k) = -249*k + 252*k + 3*k**3 + 6 - 6*k**2 - 2*k**3. Determine l(6).
24
Let h(f) = 2*f**2 - 13*f + 1. Let d be h(6). Let z(c) = -c**2 - 6*c - 6. What is z(d)?
-1
Let n(k) = -1 + 4 + 4*k - 5. Let s(j) = -7*j + 5. Let p(m) = -5*n(m) - 3*s(m). Let g = -6 + 10. Give p(g).
-1
Suppose 2*h + x - 50 = -3*x, -3*x + 6 = 0. Let k(a) = -a**3 + h*a - 5 + 19*a - 40*a. Give k(0).
-5
Let a = -7 + 23. Suppose 5*l - 4 = a. Let b(o) be the second derivative of -o**5/20 + o**4/3 + o**3/6 - 5*o**2/2 + 3*o. Give b(l).
-1
Let m(z) be the first derivative of -z**3/3 - 3*z**2 - 4*z + 2. Calculate m(-7).
-11
Let k be (-3)/(-4)*(8 - 4). Suppose 3*b + 0*b = k. Let t(p) = -p**2 + 1 - p - 2*p**2 + 2*p**2 - 2*p**2. Calculate t(b).
-3
Let b(i) = -i**3 + i + 3. Let p be b(0). Let q(o) = -6*o + 20. Let t be q(3). Let f(l) = -2*l - 2 + 5*l**2 - l**p - t + 0*l + 7. What is f(4)?
11
Suppose 2*a - 3 + 5 = 0. Let t(x) = -4*x**2 + x. Let s(d) = -4*d**2 + d. Let b(j) = 6*s(j) - 7*t(j). Give b(a).
5
Let u(i) be the first derivative of -2*i**3/3 - 2*i**2 - 3*i - 3. Let z = 2 - -1. Suppose -z*q - 22 = 4*x, -x + 3*x = -5*q - 18. What is u(q)?
-3
Let w(d) = -2*d - 3. Let r = 7 + -4. Let q = 1 + -1. Suppose -r*f = -j + 12, q*f - 4 = 3*j - f. Determine w(j).
3
Suppose 8*l = 4*g + 3*l - 3, 0 = 3*g + 3*l - 9. Let f(p) = 3 - p + g*p + 0*p + 4*p. Determine f(-3).
-12
Let w(r) be the second derivative of 3*r + 0 - r**2 + 1/6*r**3. Let f = 1 + 3. Calculate w(f).
2
Suppose -2*o + 6 = -4. Let t be -1*o*(-1 + 0). Let x(k) = -k**3 + 4*k**2 + 5*k + 2. What is x(t)?
2
Let x(b) be the first derivative of -b**4/4 - 4*b**3/3 - b**2 - 3*b - 10. Calculate x(-2).
-7
Suppose -2*n = -6*n + 8. Let j(q) = -q**2 - 4*q. Let k(x) = x**2 + x. Let f(b) = -j(b) - 2*k(b). What is f(n)?
0
Suppose 6*m - m - 2*f + 10 = 0, 0 = -4*m + 5*f + 9. Let t(y) = -3 - y**2 - 3 - 3*y - 3*y. Determine t(m).
2
Let o(v) be the second derivative of -v**4/12 + 5*v**3/6 + 7*v**2/2 - 5*v. Give o(7).
-7
Let r(a) = -6*a + 1 + 2 - a**3 - 8*a**2 + a**2 + 0. Let f be r(-6). Let h(g) = -2 + 3*g**2 + 5*g - 5*g + g**f - g + 0*g**2. Calculate h(-3).
1
Let z(q) be the first derivative of q**4/4 + q**3 - 5*q**2/2 - 4*q - 3. Suppose 4*a + 20 = -a. Determine z(a).
0
Let m(s) = -s**3 - s**2 - s + 1. Let q(r) = 2*r**2 - 5*r - 4. Let a(z) = -m(z) + q(z). What is a(-4)?
-5
Suppose 1 - 7 = g. Let f(b) = -b**3 - 7*b**2 - 5*b + 4. What is f(g)?
-2
Let p = 10 - 5. Let b be p/(-10) + (-3)/(-2). Let z(f) be the third derivative of f**5/12 + f**4/12 - f**3/6 + 3*f**2. Give z(b).
6
Let f(m) = 4*m**3 + 2*m**2 + 8*m + 2. Let b(k) = 7*k**3 + 5*k**2 + 15*k + 5. Let i(c) = -3*b(c) + 5*f(c). Let n = 3 + -7. Calculate i(n).
-1
Let c(o) = -27*o**2 + 11*o + 11. Let q(r) = -14*r**2 + 6*r + 6. Let l(t) = 6*c(t) - 11*q(t). What is l(-1)?
-8
Let v(h) be the second derivative of -h**5/20 + h**4/12 - h**3/6 + h**2/2 - 8*h. Let i(y) = 2*y**3 - 7*y**2 + 6*y - 6. Let k(c) = i(c) + 3*v(c). Give k(-5).
7
Let g(z) = -z + 1. Let n be g(-3). Let i = -9 - -13. Let h(o) = -i + 5*o - o - o - o. Determine h(n).
4
Suppose 10 = -2*s, -5*x + 25 = -0*x - 2*s. Let r(t) = 7*t**2 + t + 3*t**3 - 4*t**x + 6 + 0 - 7*t. Determine r(6).
6
Let t(n) = -4*n + n**2 + n**2 - 2*n. Suppose 2*z - 4*p = -4, 3*p = 5*z + 6*p - 29. Give t(z).
8
Let i = 4 - 6. Let b(h) = 14*h**3 - 8*h**2 - 17*h - 8. Let l(v) = -5*v**3 + 3*v**2 + 6*v + 3. Let g(r) = -4*b(r) - 11*l(r). Calculate g(i).
-1
Let s(q) = -q**3 - 3*q**2 + 4*q + 1. Let z(u) = u**2 - u. Let p(l) = -s(l) - 2*z(l). Let g be (-2)/(-7) - 46/14. Let j be 1/(g/2)*3. What is p(j)?
-1
Let i(b) be the third derivative of -b**4/12 - b**3/6 + 32*b**2. Calculate i(-5).
9
Let q(b) = 2*b**3 - b**2 - 3*b + 2. Let n(m) = 13*m + 7. Let l(y) = -3*y - 2. Let f(s) = 9*l(s) + 2*n(s). Let r be f(-6). What is q(r)?
8
Let w = -3 + 1. Let p(b) = -3*b**2 + 3*b + 1. Let c(n) = -10*n**2 + 10*n + 4. Let i(x) = w*c(x) + 7*p(x). Determine i(2).
-3
Let s(a) = -10*a - 1. Suppose 11*r + 7 = 18*r. Determine s(r).
-11
Let r(n) be the second derivative of -1/3*n**4 + 1/20*n**5 + 4*n + 1/2*n**2 + 2/3*n**3 + 0. Give r(3).
4
Let u = -12 - -7. Let z(l) = l**3 + l**2 - 7*l - 3. Let n(a) = -a**3 + 8*a + 2. Let v(s) = 4*n(s) + 5*z(s). Calculate v(u).
8
Let d = 1 - 1. Let m be d*3/(-6) - -3. Suppose -4*u - m*x = -11, 2*x - 6*x + 20 = 0. Let a(b) = -8*b**2 - b - 1. Calculate a(u).
-8
Let z(a) = 2*a**2 - 2*a - 1. Let g be 6/12*28/2. Let p(v) = -v**3 + 8*v**2 - 6*v - 5. Let l be p(g). Determine z(l).
3
Let q(t) = t + 1. Let s = 14 + -26. Let i = s - -7. Give q(i).
-4
Let d(b) = b**3 - 2*b**2 - 3*b - 1. Let a be -3*(-4 + 6 - 3). Give d(a).
-1
Let b(z) = z + 8. Suppose -7*f - 6 = -6*f. Give b(f).
2
Let c(w) = 7*w - 7. Let s(l) = 10*l - 10. Let k(u) = 7*c(u) - 5*s(u). Calculate k(-6).
7
Let p(m) = 2*m + 1. Let j(r) = 5*r. Let d be j(1). Suppose 3*n = u + 7 - 3, 18 = d*n + 4*u. Let y be (3/n)/(24/32). Calculate p(y).
5
Let z(n) = 2*n**2 - 4*n + 2. Let k(w) = -w**3 - 13*w**2 + 13*w - 12. Let l be k(-14). Give z(l).
2
Let u(w) = -2*w - 102 + 51 + 46. Determine u(-5).
5
Suppose 0 = -5*z - 1 + 6. Let j be z - ((-1 - -4) + 1). Let a(w) = -3*w - 4. Calculate a(j).
5
Let g(q) be the first derivative of q**3/3 + 2*q**2 - 8*q - 8. Let r = -10 - -4. What is g(r)?
4
Let c be 4/28*21/6. Let r(v) be the second derivative of 1/6*v**3 - c*v**2 + 0 + v. What is r(4)?
3
Let s(h) = 4*h + 2. Let i(n) = -5*n - 2. Let m(r) = 5*i(r) + 6*s(r). Give m(7).
-5
Let w(s) = -3*s. Let g(h) = -10*h + 1. Let n(m) = -2*g(m) + 7*w(m). Let t = 1 - 1. What is n(t)?
-2
Let a = 432 + -434. Let v(j) = j**2 - 2*j**2 + j**3 - 3*j + 0 - 1. Calculate v(a).
-7
Let b(z) = z**3 + 5*z**2 - 2*z - 1. Let w(k) = -k**3 + 3*k**2 + 2*k + 3. Suppose 2*h - 8 = -0*t - 3*t, 8 = 2*h - 2*t. Let j be w(h). Calculate b(j).
9
Suppose 2*j - 20 = 6*j. Let s(c) = -c**2 - 6*c - 6. Give s(j).
-1
Let a(h) = -1 + 0 - 10 + 2*h + 2. Give a(6).
3
Let w(p) = -5*p**2 - 2*p - 1. Let c = 4 + -2. Let n be 1/4*c*-2. Give w(n).
-4
Let u be (1 - -7)/(2 - 1). Suppose 0 = 3*f, 5*s + 2*f - f = 15. Suppose u*k + 25 = s*k. Let r(o) = -o**3 - 4*o**2 + 6*o + 1. Give r(k).
-4
Let o(a) = -5*a**2 - 10*a + 13. Let w(s) = -2*s**2 - 3*s + 4. Let n(h) = -3*o(h) + 8*w(h). Let b = 7 + -1. Calculate n(b).
-7
Suppose 12 = -c - 5*k, k + 12 = -5*c - 0*k. Let y(v) = -v + 1. Let b = 5 + -2. Let q(t) = 7*t - 1. Let l(z) = b*y(z